*1/1. Let l(j) be the second derivative of -j**3/3 + j**2 - j. Give l(t).
-2
Let q = 186 - 183. Let w(b) = b - 4. Determine w(q).
-1
Let m = 4 - 3. Suppose 1 = 2*j + c - 3, 7 = 5*j + 4*c. Let g(s) = -2*s + s**j + 1 + 3*s**3 + 0*s**3. Determine g(m).
3
Suppose 5*y + 9 = -6. Let a(t) = 8*t**2 + 20*t + 7. Let o(g) = 2*g**2 + 5*g + 2. Let s(q) = 2*a(q) - 9*o(q). Calculate s(y).
-7
Let l(c) = c**3 - 6*c**2. Let p be l(6). Let q(y) = -y + 4 + p - 2*y. Let a = -12 + 15. Determine q(a).
-5
Let t be (-2 + 2)/((-2)/(-2)). Let f(l) = 5*l + 24. Suppose p = -5*u + 35, 5*p = 4*u - 34 - 23. Let y(o) = -2*o - 8. Let s(w) = u*y(w) + 3*f(w). Give s(t).
8
Let m(q) = -6*q. Let o(c) = -12*c. Let h(f) = -7*m(f) + 4*o(f). Determine h(2).
-12
Let r(c) = 4*c**3 - 5*c**2 - 10*c - 4. Let g(s) = 5*s**3 - 5*s**2 - 11*s - 5. Let n(y) = 5*g(y) - 6*r(y). Let b = -5 - -1. Determine n(b).
-5
Let p(b) = b**3 - 5*b**2 - 4*b - 6. Suppose 4*t - 9 = -5*i - 0, -4*i + 6 = 3*t. What is p(t)?
6
Suppose -20 = -5*x - t - 6, 16 = 4*t. Let d(w) = 1 - x - 6*w + 0*w. Let u(k) = -2*k**2 + 39*k - 20. Let b be u(19). Give d(b).
5
Let s(x) = -x**2 - x + 7. Let y be s(-4). Let q(w) = w**3 + 5*w**2 + 2. Determine q(y).
2
Let u(z) = -z + 6*z + 6 - 7 + 0*z. What is u(-1)?
-6
Let z = 32 - 16. Let l = -15 + z. Let b(q) = 0*q**2 + q**2 - 1 + 2*q - 2*q**2. Determine b(l).
0
Suppose c + 3*g + 5 = 0, 7*c - 2*c = -5*g - 5. Let i(n) = 6*n**2 + n - 1. What is i(c)?
6
Let u(j) = j + 2. Let a(s) = -4 - 4*s + s - 1. Let x(t) = 4*a(t) + 11*u(t). Calculate x(-5).
7
Let l = 41 + -45. Let u(c) = -c**2 - 3*c + 3. Give u(l).
-1
Suppose m = -7 + 3. Let x(v) be the third derivative of v**5/60 + 5*v**4/24 + 5*v**3/6 - 10*v**2. Determine x(m).
1
Suppose -6 = 3*o - 18. Suppose 5*m - 3*y = 20, -2*m + o*m = 3*y + 17. Let b(c) = 2*c - m + 5*c - c + 2*c. What is b(-1)?
-9
Let c(v) = v**2 + 7*v**3 + 2*v**3 + 6 + 2*v - 8*v. Let u = -3 + 7. Let m(p) = -5*p**3 - p**2 + 3*p - 3. Let r(t) = u*c(t) + 7*m(t). Determine r(3).
-6
Let h(k) = -k**3 - 4*k**2 + 6*k + 4. Let r(y) = -y**2 + 3*y + 1. Let w be r(-3). Let i = w + 12. Determine h(i).
-1
Suppose y = f + 2, -4*y + 2*y = 0. Let j be f/(-2) + 0 + 0. Let m(x) = -2*x**2 - 12*x**3 + 0*x**2 + 4*x**3 + x. Determine m(j).
-9
Suppose 3*i + 0 = -3*f + 15, 3*f = 5*i - 25. Let b(r) = 2*r - 5. Give b(i).
5
Let v(k) = k - 8. Let t = 9 - 9. Calculate v(t).
-8
Let r be 2/7 + 24/14. Let x(f) = 2 + 4*f + f**2 - 4*f**r - 3*f**3 + 8*f**2 + 4*f**3. Let a be x(-4). Let n(k) = 5*k - 3. Give n(a).
7
Let s(x) be the first derivative of x**4/24 - 5*x**3/3 + 7*x**2/2 + 5. Let r(d) be the second derivative of s(d). Give r(6).
-4
Let o(p) be the third derivative of -p**5/60 + p**3/6 - 2*p**2. Determine o(-1).
0
Let k(q) = -q. Let r(x) = -2 + 2 - 6*x + 1 + x**2 + 2. Let a(i) = i**2 - 3*i - 1. Let u be a(3). Let o(s) = u*r(s) + 4*k(s). Determine o(2).
-3
Let i(f) be the third derivative of 2*f**2 - 1/24*f**4 - 7/720*f**6 + 0*f**3 - 1/120*f**5 + 0 + 0*f. Let m(r) be the second derivative of i(r). Determine m(-1).
6
Let b = -64 + 64. Let a(i) = -i - 2. What is a(b)?
-2
Let v = 3 - 2. Let u(m) = 11*m**2 + 8. Let w(s) = -10*s**2 - 7. Let f(a) = 6*u(a) + 7*w(a). Calculate f(v).
-5
Suppose -2*q - 5*d + 10 = 0, -3*d = -4*q - 0*q - 6. Let k(i) = 0*i + q*i + i**2 - 5*i. Let f be 2 - -2*2/4. Give k(f).
-6
Let r(u) = -9 + 2*u - u - 2*u + 5*u. What is r(6)?
15
Let y(i) be the third derivative of -i**5/20 - i**4/24 - i**2. Determine y(-1).
-2
Let u(j) = -8*j - j**2 + 2*j**2 + 12*j - 7. Suppose 5*g - 5*z + 10 = 3*g, 4*z + 10 = -2*g. Calculate u(g).
-2
Let b(c) = 4*c + 3. Let k(i) = 5*i + 4. Let d(g) = -7*b(g) + 6*k(g). What is d(3)?
9
Let j(w) = 7 + 0*w + w**3 + 2*w - 2*w**3 - w**2 - 10. Let r = -7 + 4. Determine j(r).
9
Let y(v) = -3*v - 2. Let a(d) = -2*d - 1. Let w(i) = -5*a(i) + 4*y(i). Let g(q) = -2*q + 3. Let u be g(3). Calculate w(u).
3
Let p(m) be the third derivative of -m**4/12 + 5*m**3/6 - 10*m**2 - 2. Calculate p(5).
-5
Let v be -3*(3 + -3 - 1). Let k(x) = -v*x**2 - 4*x**2 - 4*x + 6*x**2. What is k(-4)?
0
Let w(s) = -4 + 430*s + 14 - 423*s - s**2. Give w(7).
10
Suppose 0 = 3*f + p - 23, -f - 13 = -4*p + 1. Let k(z) = z**3 - z - 1. Let x(b) = 3*b**3 + 6*b**2 - 4*b + 3. Let w(t) = 4*k(t) - x(t). Give w(f).
-7
Suppose -3 = 3*b + 5*j, 3*b - 3*j = b + 17. Let l(r) be the first derivative of 3*r**2/2 - 5*r - 1. What is l(b)?
7
Let w(v) = v**2 - v - 6. Suppose 7*f = 2*f - 30. Let u(h) = h**3 + 5*h**2 - 5*h + 6. Let x be u(f). Determine w(x).
-6
Let z(k) = -7*k - 3*k**2 - k**2 - 4 + 2*k**2. What is z(-4)?
-8
Let c(h) = 13*h**2 - 1. Let w(l) = -6*l**2 - 1. Let p be w(-1). Let d = 6 + p. Calculate c(d).
12
Let d(q) = 14*q**2 + 23*q + 4. Let k(j) = 5*j**2 + 8*j + 1. Let b(l) = 4*d(l) - 11*k(l). Calculate b(-6).
17
Let q(p) = 2*p**2 + p - 1. Let z = 18 - 21. What is q(z)?
14
Let a(n) = n**3 - 6*n**2 + 5*n - 3. Let t = 6 + -8. Let l = -4 - t. Let z be (l/(-6))/((-4)/(-60)). Give a(z).
-3
Let f(p) = p**2 - 2*p. Let z(m) = 3 + m - 4 + m**2 - 3*m**2 + 2*m. Let d(q) = -5*f(q) - 2*z(q). Give d(3).
5
Let p be (6/5)/(-1 - (-3)/5). Let i(j) = 2 + 7*j - 2. Let o(l) = 4*l. Let f(c) = p*i(c) + 5*o(c). Give f(-2).
2
Let s(b) = b**2. Let r(h) = 3*h**2 - 2*h + 4. Let v(a) = r(a) - 4*s(a). Suppose -2*p = -4*p - 6. Determine v(p).
1
Let l(j) = 7*j**3 - 19*j**2 + j. Let q(d) = -d**3 - 2*d**3 + 7*d**2 + 2*d**2. Let m(h) = -4*l(h) - 9*q(h). Determine m(-3).
-6
Let y(o) be the first derivative of o**2/2 - 2*o - 2. Let r = 11 + -10. Let q = r - 4. Calculate y(q).
-5
Let z(q) = -5*q - 31. Let k(o) = -o - 6. Let n(h) = -11*k(h) + 2*z(h). Give n(0).
4
Let i(h) = -h**2 - 5*h - 2. Let g = -1 - -1. Suppose -3*l + 4*z = 5, g = 3*l - l + 3*z + 9. Give i(l).
4
Let k(m) = m**3 - 7*m**2 - 7*m - 2. Let u be k(8). Suppose u*b - 5 = b - 4*y, 3*y + 10 = -b. Let g(i) = i - 9. Give g(b).
-4
Let m = -4 - -6. Let u(q) = -4*q**2 + 0*q + q**3 + 3 + 6*q**m - q. Let w be (-1)/3 - 8/3. Give u(w).
-3
Let l(r) = -r + 6. Let g = 3 + -3. Calculate l(g).
6
Let j(g) = -g**2 - 5*g - 4. Let h be j(-4). Let k(u) be the third derivative of u**6/120 - 2*u**3/3 + 6*u**2. Calculate k(h).
-4
Let w(j) = j**3 + 2*j**2 - 4*j - 2. Let k be 2/10 - 98/(-35). Suppose -2*m = f + 230, 0*m - m = k*f + 115. Let p be 2/7 + m/35. What is w(p)?
1
Let u(k) = -k**3 + 4*k**2 - 2*k + 4. Let c be 0 - 60/(-9)*3. Suppose -4*s - s = -c. Give u(s).
-4
Let n(w) be the first derivative of -7*w + 0 + 0*w**2 - w**2 - 1. Determine n(-5).
3
Let g(y) be the third derivative of -y**5/30 - 6*y**2 - 2*y. Determine g(-2).
-8
Let d = 5 - 2. Let t be (-3 + d)*2/4. Suppose -3*k + 2*u - 2 = t, 0*u - 3 = -4*k - 3*u. Let p(z) = -z**3 - z + 9. What is p(k)?
9
Let n(j) = -j**2 + 9*j - 6. Let p be n(8). Let v(t) = -15 + 15 - 3*t**p. Calculate v(1).
-3
Let k(d) be the second derivative of 0 + 1/20*d**5 + 0*d**3 + 4*d + 1/2*d**2 + 1/4*d**4. Give k(-3).
1
Let y(m) be the second derivative of m**5/5 - m**3/6 - m**2/2 - m. Let d(w) = w**2 - 8*w + 4. Let k be d(7). Let j = -4 - k. Determine y(j).
-4
Let r = 14 + -8. Let n(h) = 14*h - h**2 - h**2 - r - 7*h + 1. Determine n(4).
-9
Let y(c) be the first derivative of -2 + c**2 - 3*c**2 - c**2. Suppose 4*q + 4 = 2*v, -q + 6*v = v + 1. Determine y(q).
6
Let p be ((-1)/3)/(-7 + 6). Let q(c) be the first derivative of 2 - 3*c - 3/2*c**2 - p*c**3. Determine q(-3).
-3
Let j(o) = 3*o + 7. Let r(q) = -4*q - q + 1 + 6*q - 2. Let t(l) = j(l) - 2*r(l). Let x be t(-12). Let y(g) = 2*g**2 + 3*g + 2. Calculate y(x).
11
Let r = -30 - -30. Let g(l) be the second derivative of 1/12*l**4 + 0*l**3 + 0 + 7/2*l**2 - l. Calculate g(r).
7
Let l(j) be the third derivative of j**4/24 + j**2. Let r(f) = 9*f - 1. Let a(h) = -3*l(h) + r(h). Determine a(-1).
-7
Let v(n) = -n**2 - 4*n - 3. Suppose -w - 5*b + 2*b - 17 = 0, 2*w - 3*b = 11. Determine v(w).
1
Let d(m) = m**2 - 2*m + 1. Let f(y) = y**2 - y. Let k(r) = -d(r) + 2*f(r). Calculate k(2).
3
Let w(z) = -7*z**3 - 2*z**2 + 3*z - 5. Let b(u) = -20*u**3 - 5*u**2 + 8*u - 14. Let l(n) = -6*b(n) + 17*w(n). Let j be (-2 - -11)*2/6. What is l(j)?
-1
Let n(a) = -a + 6. Let p be n(6). Let w(q) = -4*q + 3. Let u(i) = -i - 2. Let j(r) = -3*u(r) + w(r). Calculate j(p).
9
Let k(t) = 2 + 2*t - 6 - 2. Let y(f) be the first derivative of f**3/3 - f**2 - 3*f - 1. Let a be 